e the prime factors of 69611?
151, 461
List the prime factors of 3452.
2, 863
List the prime factors of 11901.
3, 3967
What are the prime factors of 124?
2, 31
What are the prime factors of 1639?
11, 149
List the prime factors of 15201.
3, 563
List the prime factors of 69434.
2, 149, 233
What are the prime factors of 18814?
2, 23, 409
What are the prime factors of 140?
2, 5, 7
List the prime factors of 5289.
3, 41, 43
What are the prime factors of 2052?
2, 3, 19
List the prime factors of 7341.
3, 2447
List the prime factors of 48.
2, 3
List the prime factors of 22372.
2, 7, 17, 47
List the prime factors of 2359.
7, 337
List the prime factors of 247.
13, 19
List the prime factors of 1101.
3, 367
List the prime factors of 116220.
2, 3, 5, 13, 149
List the prime factors of 1756.
2, 439
List the prime factors of 1500.
2, 3, 5
What are the prime factors of 47282?
2, 47, 503
What are the prime factors of 47410?
2, 5, 11, 431
What are the prime factors of 492?
2, 3, 41
What are the prime factors of 14811?
3, 4937
List the prime factors of 23659.
59, 401
What are the prime factors of 40879?
40879
What are the prime factors of 75492?
2, 3, 233
What are the prime factors of 54?
2, 3
What are the prime factors of 6583?
29, 227
List the prime factors of 3732.
2, 3, 311
List the prime factors of 44436.
2, 3, 7, 23
What are the prime factors of 22295?
5, 7, 13
List the prime factors of 74.
2, 37
List the prime factors of 8730.
2, 3, 5, 97
What are the prime factors of 26100?
2, 3, 5, 29
What are the prime factors of 1061?
1061
What are the prime factors of 624?
2, 3, 13
List the prime factors of 3791.
17, 223
What are the prime factors of 639?
3, 71
List the prime factors of 87644.
2, 21911
List the prime factors of 3817.
11, 347
List the prime factors of 138.
2, 3, 23
List the prime factors of 47047.
7, 11, 13, 47
List the prime factors of 902.
2, 11, 41
List the prime factors of 1523.
1523
What are the prime factors of 16550?
2, 5, 331
List the prime factors of 1169.
7, 167
What are the prime factors of 6988?
2, 1747
List the prime factors of 9655.
5, 1931
List the prime factors of 72.
2, 3
What are the prime factors of 104323?
104323
List the prime factors of 30102.
2, 3, 29, 173
What are the prime factors of 1029?
3, 7
List the prime factors of 939.
3, 313
What are the prime factors of 8870?
2, 5, 887
List the prime factors of 82968.
2, 3, 3457
What are the prime factors of 3961?
17, 233
List the prime factors of 2921.
23, 127
List the prime factors of 1490.
2, 5, 149
List the prime factors of 47675.
5, 1907
What are the prime factors of 98?
2, 7
List the prime factors of 3128.
2, 17, 23
List the prime factors of 776.
2, 97
What are the prime factors of 5529?
3, 19, 97
List the prime factors of 9670.
2, 5, 967
List the prime factors of 7077.
3, 7, 337
What are the prime factors of 25799?
25799
What are the prime factors of 2009?
7, 41
List the prime factors of 451.
11, 41
What are the prime factors of 3770?
2, 5, 13, 29
What are the prime factors of 7827?
3, 2609
What are the prime factors of 3307?
3307
List the prime factors of 13849.
11, 1259
What are the prime factors of 571?
571
List the prime factors of 1521.
3, 13
What are the prime factors of 3193?
31, 103
List the prime factors of 9281.
9281
List the prime factors of 95162.
2, 47581
What are the prime factors of 2067?
3, 13, 53
What are the prime factors of 467?
467
What are the prime factors of 120755?
5, 24151
What are the prime factors of 401?
401
List the prime factors of 15691.
13, 17, 71
What are the prime factors of 128?
2
List the prime factors of 1066.
2, 13, 41
What are the prime factors of 2014?
2, 19, 53
What are the prime factors of 12962?
2, 6481
List the prime factors of 96335.
5, 19267
List the prime factors of 34553.
109, 317
List the prime factors of 1089.
3, 11
List the prime factors of 50194.
2, 25097
What are the prime factors of 108?
2, 3
List the prime factors of 2232.
2, 3, 31
List the prime factors of 1802.
2, 17, 53
What are the prime factors of 12064?
2, 13, 29
What are the prime factors of 43486?
2, 17, 1279
List the prime factors of 14918.
2, 7459
What are the prime factors of 21561?
3, 7187
List the prime factors of 673.
673
What are the prime factors of 1626?
2, 3, 271
List the prime factors of 2371.
2371
What are the prime factors of 100728?
2, 3, 1399
What are the prime factors of 1884?
2, 3, 157
What are the prime factors of 791?
7, 113
What are the prime factors of 2819?
2819
List the prime factors of 4957.
4957
List the prime factors of 3716.
2, 929
What are the prime factors of 1676?
2, 419
What are the prime factors of 1412?
2, 353
What are the prime factors of 1207?
17, 71
What are the prime factors of 861?
3, 7, 41
List the prime factors of 1045.
5, 11, 19
What are the prime factors of 4915?
5, 983
List the prime factors of 108314.
2, 31, 1747
What are the prime factors of 3324?
2, 3, 277
List the prime factors of 389.
389
What are the prime factors of 25440?
2, 3, 5, 53
List the prime factors of 85066.
2, 42533
List the prime factors of 74626.
2, 37313
List the prime factors of 79838.
2, 11, 19, 191
What are the prime factors of 1753?
1753
What are the prime factors of 1115?
5, 223
What are the prime factors of 4284?
2, 3, 7, 17
List the prime factors of 524.
2, 131
What are the prime factors of 1505?
5, 7, 43
What are the prime factors of 3169?
3169
List the prime factors of 5713.
29, 197
List the prime factors of 118307.
7, 16901
What are the prime factors of 335?
5, 67
What are the prime factors of 166?
2, 83
What are the prime factors of 35941?
127, 283
What are the prime factors of 732?
2, 3, 61
What are the prime factors of 229?
229
What are the prime factors of 158?
2, 79
What are the prime factors of 213?
3, 71
What are the prime factors of 9933?
3, 7, 11, 43
What are the prime factors of 6017?
11, 547
List the prime factors of 20788.
2, 5197
What are the prime factors of 2601?
3, 17
List the prime factors of 3508.
2, 877
List the prime factors of 2035.
5, 11, 37
What are the prime factors of 128276?
2, 32069
What are the prime factors of 4750?
2, 5, 19
List the prime factors of 547.
547
List the prime factors of 107068.
2, 13, 29, 71
What are the prime factors of 24428?
2, 31, 197
What are the prime factors of 17365?
5, 23, 151
List the prime factors of 1607.
1607
What are the prime factors of 652?
2, 163
List the prime factors of 7317.
3, 271
List the prime factors of 2150.
2, 5, 43
What are the prime factors of 1391?
13, 107
List the prime factors of 3469.
3469
List the prime factors of 1387.
19, 73
What are the prime factors of 1548?
2, 3, 43
List the prime factors of 883.
883
List the prime factors of 105148.
2, 97, 271
List the prime factors of 124303.
124303
List the prime factors of 42611.
42611
What are the prime factors of 23306?
2, 43, 271
What are the prime factors of 26655?
3, 5, 1777
What are the prime factors of 7710?
2, 3, 5, 257
What are the prime factors of 9550?
2, 5, 191
What are the prime factors of 6290?
2, 5, 17, 37
List the prime factors of 219.
3, 73
What are the prime factors of 855?
3, 5, 19
What are the prime factors of 3801?
3, 7, 181
What are the prime factors of 54700?
2, 5, 547
What are the prime factors of 29666?
2, 7, 13, 163
What are the prime factors of 633?
3, 211
What are the prime factors of 16519?
16519
What are the prime factors of 182?
2, 7, 13
List the prime factors of 2144.
2, 67
What are the prime factors of 1827?
3, 7, 29
What are the prime factors of 112853?
13, 8681
List the prime factors of 2839.
17, 167
List the prime factors of 14904.
2, 3, 23
List the prime factors of 66871.
7, 41, 233
List the prime factors of 682.
2, 11, 31
List the prime factors of 37897.
37897
What are the prime factors of 11689?
11689
What are the prime factors of 81?
3
What are the prime factors of 20607?
3, 6869
What are the prime factors of 4488?
2, 3, 11, 17
What are the prime factors of 974?
2, 487
What are the prime factors of 243?
3
List the prime factors of 411.
3, 137
What are the prime factors of 334?
2, 167
What are the prime factors of 72042?
2, 3, 12007
What are the prime factors of 6850?
2, 5, 137
What are the prime factors of 336?
2, 3, 7
What are the prime factors of 845?
5, 13
List the prime factors of 